{"id":649,"date":"2016-02-04T10:12:05","date_gmt":"2016-02-04T10:12:05","guid":{"rendered":"http:\/\/anhidacoruna.com\/web\/?page_id=649"},"modified":"2016-03-10T07:46:48","modified_gmt":"2016-03-10T07:46:48","slug":"enlaces-externos","status":"publish","type":"page","link":"http:\/\/anhidacoruna.com\/web\/enlaces-externos\/","title":{"rendered":"Enlaces externos"},"content":{"rendered":"<p>En esta secci\u00f3n encontrar\u00e9is diversos art\u00edculos de inter\u00e9s publicados por fuentes externas a ANHIDACORU\u00d1A. Con ellos buscamos completar y ampliar la informaci\u00f3n sobre el TDAH que proporcionamos a trav\u00e9s de esta p\u00e1gina web.<\/p>\n<p><img loading=\"lazy\" decoding=\"async\" class=\"aligncenter size-full wp-image-656\" src=\"http:\/\/anhidacoruna.com\/web\/wp-content\/uploads\/2016\/02\/magazines-1108801_640.jpg\" alt=\"magazines-1108801_640\" width=\"640\" height=\"494\" srcset=\"http:\/\/anhidacoruna.com\/web\/wp-content\/uploads\/2016\/02\/magazines-1108801_640.jpg 640w, http:\/\/anhidacoruna.com\/web\/wp-content\/uploads\/2016\/02\/magazines-1108801_640-300x232.jpg 300w\" sizes=\"auto, (max-width: 640px) 100vw, 640px\" \/><\/p>\n<p><a href=\"http:\/\/anhidacoruna.com\/web\/wp-content\/uploads\/2015\/09\/vi\u00f1eta20x20.jpg\"><img loading=\"lazy\" decoding=\"async\" class=\"alignleft size-full wp-image-213\" src=\"http:\/\/anhidacoruna.com\/web\/wp-content\/uploads\/2015\/09\/vi\u00f1eta20x20.jpg\" alt=\"vi\u00f1eta20x20\" width=\"20\" height=\"20\" \/><\/a>&#8220;Gafas, TDAH y estigma&#8221; En esta colecci\u00f3n de cuatro art\u00edculos, la autora Gina Pera habla sobre los conocimientos relativos al TDAH que han ido aumentando con el paso del tiempo.<\/p>\n<ol>\n<li><a href=\"http:\/\/tdahvitoriagasteiz.com\/2015\/11\/07\/gafas-tdah-y-estigma-primera-parte\/\" target=\"_blank\">Primera parte del art\u00edculo.<\/a><\/li>\n<li><a href=\"http:\/\/tdahvitoriagasteiz.com\/2015\/11\/08\/gafas-tdah-y-estigma-segunda-parte\/\" target=\"_blank\">Segunda parte del art\u00edculo<\/a><\/li>\n<li><a href=\"http:\/\/tdahvitoriagasteiz.com\/2015\/11\/10\/gafas-tdah-y-estigma-tercera-parte\/\" target=\"_blank\">Tercera parte del art\u00edculo<\/a><\/li>\n<li><a href=\"http:\/\/tdahvitoriagasteiz.com\/2015\/11\/10\/gafas-tdah-y-estigma-cuarta-y-ultima-parte\/\" target=\"_blank\">Cuarta parte del art\u00edculo<\/a><\/li>\n<\/ol>\n<p><a href=\"http:\/\/anhidacoruna.com\/web\/wp-content\/uploads\/2015\/09\/vi\u00f1eta20x20.jpg\"><img loading=\"lazy\" decoding=\"async\" class=\"alignleft size-full wp-image-213\" src=\"http:\/\/anhidacoruna.com\/web\/wp-content\/uploads\/2015\/09\/vi\u00f1eta20x20.jpg\" alt=\"vi\u00f1eta20x20\" width=\"20\" height=\"20\" \/><\/a><\/p>\n<p><a href=\"http:\/\/www.ite.educacion.es\/formacion\/materiales\/186\/cd\/m1\/qu_es_el_tdah_trastorno_por_dficit_de_atencin_e_hiperactividad.html\" target=\"_blank\">Este enlace<\/a>\u00a0nos lleva a la p\u00e1gina web del Instituto Nacional de Tecnolog\u00edas Educativas y de Formaci\u00f3n del Profesorado del Ministerio de Educaci\u00f3n, Cultura y Deporte, en este lugar disponen de mucha informaci\u00f3n sobre \u00bfQu\u00e9 es el TDAH?<\/p>\n<p><a href=\"http:\/\/anhidacoruna.com\/web\/wp-content\/uploads\/2015\/09\/vi\u00f1eta20x20.jpg\"><img loading=\"lazy\" decoding=\"async\" class=\"alignleft size-full wp-image-213\" src=\"http:\/\/anhidacoruna.com\/web\/wp-content\/uploads\/2015\/09\/vi\u00f1eta20x20.jpg\" alt=\"vi\u00f1eta20x20\" width=\"20\" height=\"20\" \/><\/a><\/p>\n<p><a href=\"http:\/\/www.psicothema.com\/pdf\/3401.pdf\" target=\"_blank\">Enlace a un pdf<\/a> de la revista del colegio de Psic\u00f3logos del Principado de Asturias que lleva por t\u00edtulo &#8220;Conocimientos, concepciones err\u00f3neas y lagunas de los maestros sobre el trastorno por d\u00e9ficit de atenci\u00f3n con hiperactividad&#8221;<\/p>\n<p><a href=\"http:\/\/anhidacoruna.com\/web\/wp-content\/uploads\/2015\/09\/vi\u00f1eta20x20.jpg\"><img loading=\"lazy\" decoding=\"async\" class=\"alignleft size-full wp-image-213\" src=\"http:\/\/anhidacoruna.com\/web\/wp-content\/uploads\/2015\/09\/vi\u00f1eta20x20.jpg\" alt=\"vi\u00f1eta20x20\" width=\"20\" height=\"20\" \/><\/a>En<a href=\"http:\/\/www.nimh.nih.gov\/health\/publications\/espanol\/trastorno-de-deficit-de-atencion-e-hiperactividad-facil-de-leer\/index.shtml\" target=\"_blank\"> este enlace<\/a> encontrar\u00e9is una recopilaci\u00f3n de informaci\u00f3n sobre el TDAH elaborado por el National Institute of Mental Health (NIMH), est\u00e1 traducido al castellano<\/p>\n<p><a href=\"http:\/\/anhidacoruna.com\/web\/wp-content\/uploads\/2015\/09\/vi\u00f1eta20x20.jpg\"><img loading=\"lazy\" decoding=\"async\" class=\"alignleft size-full wp-image-213\" src=\"http:\/\/anhidacoruna.com\/web\/wp-content\/uploads\/2015\/09\/vi\u00f1eta20x20.jpg\" alt=\"vi\u00f1eta20x20\" width=\"20\" height=\"20\" \/><\/a><\/p>\n<p><a href=\"http:\/\/www.elmundo.es\/vida-sana\/familia-y-co\/2016\/01\/24\/56a20d1522601dc60b8b457f.html\" target=\"_blank\">Enlace a una entrevista<\/a> con C\u00e9sar Soutullo director de la unidad psiqui\u00e1trica Infantil y Adolescente de la Cl\u00ednica Universitaria de Navarra que lleva por t\u00edtulo &#8220;Un TDAH tratado puede sacar muy buenas notas&#8221;<\/p>\n<p><img loading=\"lazy\" decoding=\"async\" class=\"alignleft size-full wp-image-213\" src=\"http:\/\/anhidacoruna.com\/web\/wp-content\/uploads\/2015\/09\/vi\u00f1eta20x20.jpg\" alt=\"vi\u00f1eta20x20\" width=\"20\" height=\"20\" \/><a href=\"http:\/\/www.unidadfocus.com\" target=\"_blank\">Unidad Focus:<\/a> Enlace a la p\u00e1gina web de esta unidad especializada en la atenci\u00f3n de ni\u00f1os, j\u00f3venes y adultos con TDAH con sede en la ciudad de A Coru\u00f1a.<\/p>\n<p><img loading=\"lazy\" decoding=\"async\" class=\"alignleft size-full wp-image-213\" src=\"http:\/\/anhidacoruna.com\/web\/wp-content\/uploads\/2015\/09\/vi\u00f1eta20x20.jpg\" alt=\"vi\u00f1eta20x20\" width=\"20\" height=\"20\" \/><\/p>\n<p><a href=\"http:\/\/www.estimulacioncerebral.com\/\" target=\"_blank\">Estimulaci\u00f3n cerebral:<\/a> Enlace a la web del centro de estimulaci\u00f3n magn\u00e9tica transcraneal que ayuda a pacientes con comorbilidades asociadas al TDAH<\/p>\n<p><img loading=\"lazy\" decoding=\"async\" class=\"alignleft size-full wp-image-213\" src=\"http:\/\/anhidacoruna.com\/web\/wp-content\/uploads\/2015\/09\/vi\u00f1eta20x20.jpg\" alt=\"vi\u00f1eta20x20\" width=\"20\" height=\"20\" \/><a href=\"http:\/\/www.feaadah.org\" target=\"_blank\">Feaadah:<\/a> Enlace a la p\u00e1gina web de la Federaci\u00f3n Espa\u00f1ola de Asociaciones de Ayuda al D\u00e9ficit de Atenci\u00f3n e hiperactividad.<\/p>\n<p><a href=\"http:\/\/anhidacoruna.com\/web\/wp-content\/uploads\/2015\/09\/vi\u00f1eta20x20.jpg\"><img loading=\"lazy\" decoding=\"async\" class=\"alignleft size-full wp-image-213\" src=\"http:\/\/anhidacoruna.com\/web\/wp-content\/uploads\/2015\/09\/vi\u00f1eta20x20.jpg\" alt=\"vi\u00f1eta20x20\" width=\"20\" height=\"20\" \/><\/a><a href=\"http:\/\/www.fegadah.org\" target=\"_blank\">Fegadah:<\/a> Enlace a la p\u00e1gina web de la Federaci\u00f3n Gallega de Asociaciones de Ayuda al D\u00e9ficit de Atenci\u00f3n e Hiperactividad.<\/p>\n<p><img loading=\"lazy\" decoding=\"async\" class=\"alignleft size-full wp-image-213\" src=\"http:\/\/anhidacoruna.com\/web\/wp-content\/uploads\/2015\/09\/vi\u00f1eta20x20.jpg\" alt=\"vi\u00f1eta20x20\" width=\"20\" height=\"20\" \/><a href=\"http:\/\/www.fundacioncadah.org\/\" target=\"_blank\">Fundaci\u00f3n Cadah:<\/a> Enlace a la web de la Fundaci\u00f3n Cantabria Ayuda al D\u00e9ficit de Atenci\u00f3n e Hiperactividad o Fundaci\u00f3n CADAH, con numerosa informaci\u00f3n sobre TDAH<\/p>\n<p><img loading=\"lazy\" decoding=\"async\" class=\"alignleft size-full wp-image-213\" src=\"http:\/\/anhidacoruna.com\/web\/wp-content\/uploads\/2015\/09\/vi\u00f1eta20x20.jpg\" alt=\"vi\u00f1eta20x20\" width=\"20\" height=\"20\" \/><a href=\"http:\/\/www.fundacionadana.org\" target=\"_blank\">Fundaci\u00f3n Adana:<\/a> Enlace a la web de esta fundaci\u00f3n\u00a0que\u00a0lleva a cabo numerosas actividades dirigidas a las personas que sufren el TDAH y las de su entorno.<\/p>\n<p><a href=\"http:\/\/anhidacoruna.com\/web\/wp-content\/uploads\/2015\/09\/vi\u00f1eta20x20.jpg\"><img loading=\"lazy\" decoding=\"async\" class=\"alignleft size-full wp-image-213\" src=\"http:\/\/anhidacoruna.com\/web\/wp-content\/uploads\/2015\/09\/vi\u00f1eta20x20.jpg\" alt=\"vi\u00f1eta20x20\" width=\"20\" height=\"20\" \/><\/a><a href=\"http:\/\/www.orientacionandujar.es\" target=\"_blank\">Orientaci\u00f3n And\u00fajar: <\/a>Enlace a esta web en la que se encuentran m\u00faltiples recursos educativos para trabajar con chicos\/as con TDAH.<\/p>\n<p>&nbsp;<\/p>\n<p>&nbsp;<\/p>\n<p>&nbsp;<\/p>\n","protected":false},"excerpt":{"rendered":"<p>En esta secci\u00f3n encontrar\u00e9is diversos art\u00edculos de inter\u00e9s publicados por fuentes externas a ANHIDACORU\u00d1A. Con ellos buscamos completar y ampliar la informaci\u00f3n sobre el TDAH que proporcionamos a trav\u00e9s de esta p\u00e1gina web. &#8220;Gafas, TDAH y estigma&#8221; En esta colecci\u00f3n de cuatro art\u00edculos, la autora Gina Pera habla sobre los conocimientos relativos al TDAH que [&hellip;]<\/p>\n","protected":false},"author":2,"featured_media":0,"parent":0,"menu_order":0,"comment_status":"closed","ping_status":"closed","template":"","meta":{"footnotes":""},"class_list":["post-649","page","type-page","status-publish","hentry"],"yoast_head":"<!-- This site is optimized with the Yoast SEO plugin v26.3 - https:\/\/yoast.com\/wordpress\/plugins\/seo\/ -->\n<title>Enlaces externos - ANHIDACORU\u00d1A<\/title>\n<meta name=\"robots\" content=\"index, follow, max-snippet:-1, max-image-preview:large, max-video-preview:-1\" \/>\n<link rel=\"canonical\" href=\"http:\/\/anhidacoruna.com\/web\/enlaces-externos\/\" \/>\n<meta property=\"og:locale\" content=\"es_ES\" \/>\n<meta property=\"og:type\" content=\"article\" \/>\n<meta property=\"og:title\" content=\"Enlaces externos - ANHIDACORU\u00d1A\" \/>\n<meta property=\"og:description\" content=\"En esta secci\u00f3n encontrar\u00e9is diversos art\u00edculos de inter\u00e9s publicados por fuentes externas a ANHIDACORU\u00d1A. Con ellos buscamos completar y ampliar la informaci\u00f3n sobre el TDAH que proporcionamos a trav\u00e9s de esta p\u00e1gina web. &#8220;Gafas, TDAH y estigma&#8221; En esta colecci\u00f3n de cuatro art\u00edculos, la autora Gina Pera habla sobre los conocimientos relativos al TDAH que [&hellip;]\" \/>\n<meta property=\"og:url\" content=\"http:\/\/anhidacoruna.com\/web\/enlaces-externos\/\" \/>\n<meta property=\"og:site_name\" content=\"ANHIDACORU\u00d1A\" \/>\n<meta property=\"article:publisher\" content=\"https:\/\/www.facebook.com\/anhidacoruna\" \/>\n<meta property=\"article:modified_time\" content=\"2016-03-10T07:46:48+00:00\" \/>\n<meta property=\"og:image\" content=\"http:\/\/anhidacoruna.com\/web\/wp-content\/uploads\/2016\/02\/magazines-1108801_640.jpg\" \/>\n<meta name=\"twitter:card\" content=\"summary_large_image\" \/>\n<meta name=\"twitter:site\" content=\"@anhidacoruna\" \/>\n<meta name=\"twitter:label1\" content=\"Tiempo de lectura\" \/>\n\t<meta name=\"twitter:data1\" content=\"2 minutos\" \/>\n<script type=\"application\/ld+json\" class=\"yoast-schema-graph\">{\"@context\":\"https:\/\/schema.org\",\"@graph\":[{\"@type\":\"WebPage\",\"@id\":\"http:\/\/anhidacoruna.com\/web\/enlaces-externos\/\",\"url\":\"http:\/\/anhidacoruna.com\/web\/enlaces-externos\/\",\"name\":\"Enlaces externos - ANHIDACORU\u00d1A\",\"isPartOf\":{\"@id\":\"http:\/\/anhidacoruna.com\/web\/#website\"},\"primaryImageOfPage\":{\"@id\":\"http:\/\/anhidacoruna.com\/web\/enlaces-externos\/#primaryimage\"},\"image\":{\"@id\":\"http:\/\/anhidacoruna.com\/web\/enlaces-externos\/#primaryimage\"},\"thumbnailUrl\":\"http:\/\/anhidacoruna.com\/web\/wp-content\/uploads\/2016\/02\/magazines-1108801_640.jpg\",\"datePublished\":\"2016-02-04T10:12:05+00:00\",\"dateModified\":\"2016-03-10T07:46:48+00:00\",\"breadcrumb\":{\"@id\":\"http:\/\/anhidacoruna.com\/web\/enlaces-externos\/#breadcrumb\"},\"inLanguage\":\"es\",\"potentialAction\":[{\"@type\":\"ReadAction\",\"target\":[\"http:\/\/anhidacoruna.com\/web\/enlaces-externos\/\"]}]},{\"@type\":\"ImageObject\",\"inLanguage\":\"es\",\"@id\":\"http:\/\/anhidacoruna.com\/web\/enlaces-externos\/#primaryimage\",\"url\":\"http:\/\/anhidacoruna.com\/web\/wp-content\/uploads\/2016\/02\/magazines-1108801_640.jpg\",\"contentUrl\":\"http:\/\/anhidacoruna.com\/web\/wp-content\/uploads\/2016\/02\/magazines-1108801_640.jpg\",\"width\":640,\"height\":494},{\"@type\":\"BreadcrumbList\",\"@id\":\"http:\/\/anhidacoruna.com\/web\/enlaces-externos\/#breadcrumb\",\"itemListElement\":[{\"@type\":\"ListItem\",\"position\":1,\"name\":\"Portada\",\"item\":\"http:\/\/anhidacoruna.com\/web\/\"},{\"@type\":\"ListItem\",\"position\":2,\"name\":\"Enlaces externos\"}]},{\"@type\":\"WebSite\",\"@id\":\"http:\/\/anhidacoruna.com\/web\/#website\",\"url\":\"http:\/\/anhidacoruna.com\/web\/\",\"name\":\"ANHIDACORU\u00d1A\",\"description\":\"\",\"publisher\":{\"@id\":\"http:\/\/anhidacoruna.com\/web\/#organization\"},\"potentialAction\":[{\"@type\":\"SearchAction\",\"target\":{\"@type\":\"EntryPoint\",\"urlTemplate\":\"http:\/\/anhidacoruna.com\/web\/?s={search_term_string}\"},\"query-input\":{\"@type\":\"PropertyValueSpecification\",\"valueRequired\":true,\"valueName\":\"search_term_string\"}}],\"inLanguage\":\"es\"},{\"@type\":\"Organization\",\"@id\":\"http:\/\/anhidacoruna.com\/web\/#organization\",\"name\":\"ANHIDACORU\u00d1A\",\"url\":\"http:\/\/anhidacoruna.com\/web\/\",\"logo\":{\"@type\":\"ImageObject\",\"inLanguage\":\"es\",\"@id\":\"http:\/\/anhidacoruna.com\/web\/#\/schema\/logo\/image\/\",\"url\":\"https:\/\/anhidacoruna.com\/web\/wp-content\/uploads\/2015\/08\/logoanhida.jpg\",\"contentUrl\":\"https:\/\/anhidacoruna.com\/web\/wp-content\/uploads\/2015\/08\/logoanhida.jpg\",\"width\":259,\"height\":132,\"caption\":\"ANHIDACORU\u00d1A\"},\"image\":{\"@id\":\"http:\/\/anhidacoruna.com\/web\/#\/schema\/logo\/image\/\"},\"sameAs\":[\"https:\/\/www.facebook.com\/anhidacoruna\",\"https:\/\/x.com\/anhidacoruna\"]}]}<\/script>\n<!-- \/ Yoast SEO plugin. -->","yoast_head_json":{"title":"Enlaces externos - ANHIDACORU\u00d1A","robots":{"index":"index","follow":"follow","max-snippet":"max-snippet:-1","max-image-preview":"max-image-preview:large","max-video-preview":"max-video-preview:-1"},"canonical":"http:\/\/anhidacoruna.com\/web\/enlaces-externos\/","og_locale":"es_ES","og_type":"article","og_title":"Enlaces externos - ANHIDACORU\u00d1A","og_description":"En esta secci\u00f3n encontrar\u00e9is diversos art\u00edculos de inter\u00e9s publicados por fuentes externas a ANHIDACORU\u00d1A. Con ellos buscamos completar y ampliar la informaci\u00f3n sobre el TDAH que proporcionamos a trav\u00e9s de esta p\u00e1gina web. &#8220;Gafas, TDAH y estigma&#8221; En esta colecci\u00f3n de cuatro art\u00edculos, la autora Gina Pera habla sobre los conocimientos relativos al TDAH que [&hellip;]","og_url":"http:\/\/anhidacoruna.com\/web\/enlaces-externos\/","og_site_name":"ANHIDACORU\u00d1A","article_publisher":"https:\/\/www.facebook.com\/anhidacoruna","article_modified_time":"2016-03-10T07:46:48+00:00","og_image":[{"url":"http:\/\/anhidacoruna.com\/web\/wp-content\/uploads\/2016\/02\/magazines-1108801_640.jpg","type":"","width":"","height":""}],"twitter_card":"summary_large_image","twitter_site":"@anhidacoruna","twitter_misc":{"Tiempo de lectura":"2 minutos"},"schema":{"@context":"https:\/\/schema.org","@graph":[{"@type":"WebPage","@id":"http:\/\/anhidacoruna.com\/web\/enlaces-externos\/","url":"http:\/\/anhidacoruna.com\/web\/enlaces-externos\/","name":"Enlaces externos - ANHIDACORU\u00d1A","isPartOf":{"@id":"http:\/\/anhidacoruna.com\/web\/#website"},"primaryImageOfPage":{"@id":"http:\/\/anhidacoruna.com\/web\/enlaces-externos\/#primaryimage"},"image":{"@id":"http:\/\/anhidacoruna.com\/web\/enlaces-externos\/#primaryimage"},"thumbnailUrl":"http:\/\/anhidacoruna.com\/web\/wp-content\/uploads\/2016\/02\/magazines-1108801_640.jpg","datePublished":"2016-02-04T10:12:05+00:00","dateModified":"2016-03-10T07:46:48+00:00","breadcrumb":{"@id":"http:\/\/anhidacoruna.com\/web\/enlaces-externos\/#breadcrumb"},"inLanguage":"es","potentialAction":[{"@type":"ReadAction","target":["http:\/\/anhidacoruna.com\/web\/enlaces-externos\/"]}]},{"@type":"ImageObject","inLanguage":"es","@id":"http:\/\/anhidacoruna.com\/web\/enlaces-externos\/#primaryimage","url":"http:\/\/anhidacoruna.com\/web\/wp-content\/uploads\/2016\/02\/magazines-1108801_640.jpg","contentUrl":"http:\/\/anhidacoruna.com\/web\/wp-content\/uploads\/2016\/02\/magazines-1108801_640.jpg","width":640,"height":494},{"@type":"BreadcrumbList","@id":"http:\/\/anhidacoruna.com\/web\/enlaces-externos\/#breadcrumb","itemListElement":[{"@type":"ListItem","position":1,"name":"Portada","item":"http:\/\/anhidacoruna.com\/web\/"},{"@type":"ListItem","position":2,"name":"Enlaces externos"}]},{"@type":"WebSite","@id":"http:\/\/anhidacoruna.com\/web\/#website","url":"http:\/\/anhidacoruna.com\/web\/","name":"ANHIDACORU\u00d1A","description":"","publisher":{"@id":"http:\/\/anhidacoruna.com\/web\/#organization"},"potentialAction":[{"@type":"SearchAction","target":{"@type":"EntryPoint","urlTemplate":"http:\/\/anhidacoruna.com\/web\/?s={search_term_string}"},"query-input":{"@type":"PropertyValueSpecification","valueRequired":true,"valueName":"search_term_string"}}],"inLanguage":"es"},{"@type":"Organization","@id":"http:\/\/anhidacoruna.com\/web\/#organization","name":"ANHIDACORU\u00d1A","url":"http:\/\/anhidacoruna.com\/web\/","logo":{"@type":"ImageObject","inLanguage":"es","@id":"http:\/\/anhidacoruna.com\/web\/#\/schema\/logo\/image\/","url":"https:\/\/anhidacoruna.com\/web\/wp-content\/uploads\/2015\/08\/logoanhida.jpg","contentUrl":"https:\/\/anhidacoruna.com\/web\/wp-content\/uploads\/2015\/08\/logoanhida.jpg","width":259,"height":132,"caption":"ANHIDACORU\u00d1A"},"image":{"@id":"http:\/\/anhidacoruna.com\/web\/#\/schema\/logo\/image\/"},"sameAs":["https:\/\/www.facebook.com\/anhidacoruna","https:\/\/x.com\/anhidacoruna"]}]}},"_links":{"self":[{"href":"http:\/\/anhidacoruna.com\/web\/wp-json\/wp\/v2\/pages\/649","targetHints":{"allow":["GET"]}}],"collection":[{"href":"http:\/\/anhidacoruna.com\/web\/wp-json\/wp\/v2\/pages"}],"about":[{"href":"http:\/\/anhidacoruna.com\/web\/wp-json\/wp\/v2\/types\/page"}],"author":[{"embeddable":true,"href":"http:\/\/anhidacoruna.com\/web\/wp-json\/wp\/v2\/users\/2"}],"replies":[{"embeddable":true,"href":"http:\/\/anhidacoruna.com\/web\/wp-json\/wp\/v2\/comments?post=649"}],"version-history":[{"count":10,"href":"http:\/\/anhidacoruna.com\/web\/wp-json\/wp\/v2\/pages\/649\/revisions"}],"predecessor-version":[{"id":689,"href":"http:\/\/anhidacoruna.com\/web\/wp-json\/wp\/v2\/pages\/649\/revisions\/689"}],"wp:attachment":[{"href":"http:\/\/anhidacoruna.com\/web\/wp-json\/wp\/v2\/media?parent=649"}],"curies":[{"name":"wp","href":"https:\/\/api.w.org\/{rel}","templated":true}]}}