{"id":50,"date":"2015-07-29T10:54:30","date_gmt":"2015-07-29T10:54:30","guid":{"rendered":"http:\/\/anhidacoruna.com\/web\/?page_id=50"},"modified":"2015-11-10T15:56:54","modified_gmt":"2015-11-10T15:56:54","slug":"actividades","status":"publish","type":"page","link":"http:\/\/anhidacoruna.com\/web\/actividades\/","title":{"rendered":"Actividades"},"content":{"rendered":"<blockquote><p>En esta secci\u00f3n no te olvides de visitar <a href=\"http:\/\/anhidacoruna.com\/web\/actividades\/talleres-y-terapias\/\">Talleres y Terapias<\/a><\/p><\/blockquote>\n<p><span style=\"color: #e7501e;\"><strong>TALLERES \u2013 CURSOS \u2013 SEMINARIOS \u2013 ASESORAMIENTO<\/strong><\/span><\/p>\n<ul>\n<li>Talleres psicopedag\u00f3gicos desde los 6 a\u00f1os hasta la edad adulta<\/li>\n<li>Orientaci\u00f3n laboral o acad\u00e9mica para adultos y estudiantes con TDAH<\/li>\n<li>Seguimiento y evaluaci\u00f3n del rendimiento obtenido en los talleres<\/li>\n<li>Escuela de padres<\/li>\n<li>Actividades espec\u00edficas: Teatro, baloncesto, ajedrez, m\u00fasica..<\/li>\n<li>Asesoramiento individual y a familias<\/li>\n<\/ul>\n<p><span style=\"color: #e7501e;\"><strong>SERVICIOS Y\u00a0ACTIVIDADES PARA\u00a0SOCIOS<\/strong><\/span><\/p>\n<ul>\n<li>Actividades l\u00fadicas y de tiempo libre<\/li>\n<li>Convenios de cesi\u00f3n de espacios para atenci\u00f3n a las familias<\/li>\n<li>Fomento del voluntariado<\/li>\n<li>Convenio con instituciones para actividades formativas<\/li>\n<li>Terapia con Animales<\/li>\n<li>Grupos de Ayuda Mutua<\/li>\n<li>Asesoramiento educativo<\/li>\n<\/ul>\n<p><span style=\"color: #e7501e;\"><strong>FORMACI\u00d3N A PROFESIONALES<\/strong><\/span><\/p>\n<p>Formaci\u00f3n continuada a profesionales de la educaci\u00f3n y voluntariado, <strong>en colaboraci\u00f3n con las Consellerias de Educaci\u00f3n, as\u00ed como con Concellos de la provincia de A\u00a0Coru\u00f1a<\/strong>.<\/p>\n<ul>\n<li>Formaci\u00f3n sobre TDAH en centros escolares.<\/li>\n<li>Formaci\u00f3n de profesorado a trav\u00e9s de convenios con organismos oficiales<\/li>\n<li>Formaci\u00f3n de profesorado de refuerzo escolar<\/li>\n<li>Ense\u00f1anza del manejo del TDAH en el aula<\/li>\n<\/ul>\n<p><span style=\"color: #e7501e;\"><strong>COMUNICACI\u00d3N Y DIFUSI\u00d3N<\/strong><\/span><\/p>\n<ul>\n<li>Implantaci\u00f3n de documento \u00fanico de comunicaci\u00f3n entre m\u00e9dicos y profesores<\/li>\n<li>Difusi\u00f3n del TDAH a trav\u00e9s de web, redes sociales y medios de comunicaci\u00f3n<\/li>\n<li>Colaboraci\u00f3n con proyectos de investigaci\u00f3n, formaci\u00f3n continuada y avances en TDAH que se nos formulen<\/li>\n<li>Desenvolvimiento y promoci\u00f3n del uso de Bibliotecas y acceso a la informaci\u00f3n<\/li>\n<li>Participaci\u00f3n en Congresos Nacionales y Auton\u00f3micos sobre TDAH<\/li>\n<li>Participaci\u00f3n en Congresos Gallegos de Educaci\u00f3n<\/li>\n<li>Participaci\u00f3n en Conferencias Internacionales de TDAH<\/li>\n<li>Organizaci\u00f3n de Jornadas TDAH de ANHIDACORU\u00d1A<\/li>\n<\/ul>\n","protected":false},"excerpt":{"rendered":"<p>En esta secci\u00f3n no te olvides de visitar Talleres y Terapias TALLERES \u2013 CURSOS \u2013 SEMINARIOS \u2013 ASESORAMIENTO Talleres psicopedag\u00f3gicos desde los 6 a\u00f1os hasta la edad adulta Orientaci\u00f3n laboral o acad\u00e9mica para adultos y estudiantes con TDAH Seguimiento y evaluaci\u00f3n del rendimiento obtenido en los talleres Escuela de padres Actividades espec\u00edficas: Teatro, baloncesto, ajedrez, [&hellip;]<\/p>\n","protected":false},"author":2,"featured_media":0,"parent":0,"menu_order":0,"comment_status":"closed","ping_status":"closed","template":"","meta":{"footnotes":""},"class_list":["post-50","page","type-page","status-publish","hentry"],"yoast_head":"<!-- This site is optimized with the Yoast SEO plugin v26.3 - https:\/\/yoast.com\/wordpress\/plugins\/seo\/ -->\n<title>Actividades - ANHIDACORU\u00d1A<\/title>\n<meta name=\"robots\" content=\"index, follow, max-snippet:-1, max-image-preview:large, max-video-preview:-1\" \/>\n<link rel=\"canonical\" href=\"http:\/\/anhidacoruna.com\/web\/actividades\/\" \/>\n<meta property=\"og:locale\" content=\"es_ES\" \/>\n<meta property=\"og:type\" content=\"article\" \/>\n<meta property=\"og:title\" content=\"Actividades - ANHIDACORU\u00d1A\" \/>\n<meta property=\"og:description\" content=\"En esta secci\u00f3n no te olvides de visitar Talleres y Terapias TALLERES \u2013 CURSOS \u2013 SEMINARIOS \u2013 ASESORAMIENTO Talleres psicopedag\u00f3gicos desde los 6 a\u00f1os hasta la edad adulta Orientaci\u00f3n laboral o acad\u00e9mica para adultos y estudiantes con TDAH Seguimiento y evaluaci\u00f3n del rendimiento obtenido en los talleres Escuela de padres Actividades espec\u00edficas: Teatro, baloncesto, ajedrez, [&hellip;]\" \/>\n<meta property=\"og:url\" content=\"http:\/\/anhidacoruna.com\/web\/actividades\/\" \/>\n<meta property=\"og:site_name\" content=\"ANHIDACORU\u00d1A\" \/>\n<meta property=\"article:publisher\" content=\"https:\/\/www.facebook.com\/anhidacoruna\" \/>\n<meta property=\"article:modified_time\" content=\"2015-11-10T15:56:54+00:00\" \/>\n<meta name=\"twitter:card\" content=\"summary_large_image\" \/>\n<meta name=\"twitter:site\" content=\"@anhidacoruna\" \/>\n<meta name=\"twitter:label1\" content=\"Tiempo de lectura\" \/>\n\t<meta name=\"twitter:data1\" content=\"1 minuto\" \/>\n<script type=\"application\/ld+json\" class=\"yoast-schema-graph\">{\"@context\":\"https:\/\/schema.org\",\"@graph\":[{\"@type\":\"WebPage\",\"@id\":\"http:\/\/anhidacoruna.com\/web\/actividades\/\",\"url\":\"http:\/\/anhidacoruna.com\/web\/actividades\/\",\"name\":\"Actividades - ANHIDACORU\u00d1A\",\"isPartOf\":{\"@id\":\"http:\/\/anhidacoruna.com\/web\/#website\"},\"datePublished\":\"2015-07-29T10:54:30+00:00\",\"dateModified\":\"2015-11-10T15:56:54+00:00\",\"breadcrumb\":{\"@id\":\"http:\/\/anhidacoruna.com\/web\/actividades\/#breadcrumb\"},\"inLanguage\":\"es\",\"potentialAction\":[{\"@type\":\"ReadAction\",\"target\":[\"http:\/\/anhidacoruna.com\/web\/actividades\/\"]}]},{\"@type\":\"BreadcrumbList\",\"@id\":\"http:\/\/anhidacoruna.com\/web\/actividades\/#breadcrumb\",\"itemListElement\":[{\"@type\":\"ListItem\",\"position\":1,\"name\":\"Portada\",\"item\":\"http:\/\/anhidacoruna.com\/web\/\"},{\"@type\":\"ListItem\",\"position\":2,\"name\":\"Actividades\"}]},{\"@type\":\"WebSite\",\"@id\":\"http:\/\/anhidacoruna.com\/web\/#website\",\"url\":\"http:\/\/anhidacoruna.com\/web\/\",\"name\":\"ANHIDACORU\u00d1A\",\"description\":\"\",\"publisher\":{\"@id\":\"http:\/\/anhidacoruna.com\/web\/#organization\"},\"potentialAction\":[{\"@type\":\"SearchAction\",\"target\":{\"@type\":\"EntryPoint\",\"urlTemplate\":\"http:\/\/anhidacoruna.com\/web\/?s={search_term_string}\"},\"query-input\":{\"@type\":\"PropertyValueSpecification\",\"valueRequired\":true,\"valueName\":\"search_term_string\"}}],\"inLanguage\":\"es\"},{\"@type\":\"Organization\",\"@id\":\"http:\/\/anhidacoruna.com\/web\/#organization\",\"name\":\"ANHIDACORU\u00d1A\",\"url\":\"http:\/\/anhidacoruna.com\/web\/\",\"logo\":{\"@type\":\"ImageObject\",\"inLanguage\":\"es\",\"@id\":\"http:\/\/anhidacoruna.com\/web\/#\/schema\/logo\/image\/\",\"url\":\"https:\/\/anhidacoruna.com\/web\/wp-content\/uploads\/2015\/08\/logoanhida.jpg\",\"contentUrl\":\"https:\/\/anhidacoruna.com\/web\/wp-content\/uploads\/2015\/08\/logoanhida.jpg\",\"width\":259,\"height\":132,\"caption\":\"ANHIDACORU\u00d1A\"},\"image\":{\"@id\":\"http:\/\/anhidacoruna.com\/web\/#\/schema\/logo\/image\/\"},\"sameAs\":[\"https:\/\/www.facebook.com\/anhidacoruna\",\"https:\/\/x.com\/anhidacoruna\"]}]}<\/script>\n<!-- \/ Yoast SEO plugin. -->","yoast_head_json":{"title":"Actividades - ANHIDACORU\u00d1A","robots":{"index":"index","follow":"follow","max-snippet":"max-snippet:-1","max-image-preview":"max-image-preview:large","max-video-preview":"max-video-preview:-1"},"canonical":"http:\/\/anhidacoruna.com\/web\/actividades\/","og_locale":"es_ES","og_type":"article","og_title":"Actividades - ANHIDACORU\u00d1A","og_description":"En esta secci\u00f3n no te olvides de visitar Talleres y Terapias TALLERES \u2013 CURSOS \u2013 SEMINARIOS \u2013 ASESORAMIENTO Talleres psicopedag\u00f3gicos desde los 6 a\u00f1os hasta la edad adulta Orientaci\u00f3n laboral o acad\u00e9mica para adultos y estudiantes con TDAH Seguimiento y evaluaci\u00f3n del rendimiento obtenido en los talleres Escuela de padres Actividades espec\u00edficas: Teatro, baloncesto, ajedrez, [&hellip;]","og_url":"http:\/\/anhidacoruna.com\/web\/actividades\/","og_site_name":"ANHIDACORU\u00d1A","article_publisher":"https:\/\/www.facebook.com\/anhidacoruna","article_modified_time":"2015-11-10T15:56:54+00:00","twitter_card":"summary_large_image","twitter_site":"@anhidacoruna","twitter_misc":{"Tiempo de lectura":"1 minuto"},"schema":{"@context":"https:\/\/schema.org","@graph":[{"@type":"WebPage","@id":"http:\/\/anhidacoruna.com\/web\/actividades\/","url":"http:\/\/anhidacoruna.com\/web\/actividades\/","name":"Actividades - ANHIDACORU\u00d1A","isPartOf":{"@id":"http:\/\/anhidacoruna.com\/web\/#website"},"datePublished":"2015-07-29T10:54:30+00:00","dateModified":"2015-11-10T15:56:54+00:00","breadcrumb":{"@id":"http:\/\/anhidacoruna.com\/web\/actividades\/#breadcrumb"},"inLanguage":"es","potentialAction":[{"@type":"ReadAction","target":["http:\/\/anhidacoruna.com\/web\/actividades\/"]}]},{"@type":"BreadcrumbList","@id":"http:\/\/anhidacoruna.com\/web\/actividades\/#breadcrumb","itemListElement":[{"@type":"ListItem","position":1,"name":"Portada","item":"http:\/\/anhidacoruna.com\/web\/"},{"@type":"ListItem","position":2,"name":"Actividades"}]},{"@type":"WebSite","@id":"http:\/\/anhidacoruna.com\/web\/#website","url":"http:\/\/anhidacoruna.com\/web\/","name":"ANHIDACORU\u00d1A","description":"","publisher":{"@id":"http:\/\/anhidacoruna.com\/web\/#organization"},"potentialAction":[{"@type":"SearchAction","target":{"@type":"EntryPoint","urlTemplate":"http:\/\/anhidacoruna.com\/web\/?s={search_term_string}"},"query-input":{"@type":"PropertyValueSpecification","valueRequired":true,"valueName":"search_term_string"}}],"inLanguage":"es"},{"@type":"Organization","@id":"http:\/\/anhidacoruna.com\/web\/#organization","name":"ANHIDACORU\u00d1A","url":"http:\/\/anhidacoruna.com\/web\/","logo":{"@type":"ImageObject","inLanguage":"es","@id":"http:\/\/anhidacoruna.com\/web\/#\/schema\/logo\/image\/","url":"https:\/\/anhidacoruna.com\/web\/wp-content\/uploads\/2015\/08\/logoanhida.jpg","contentUrl":"https:\/\/anhidacoruna.com\/web\/wp-content\/uploads\/2015\/08\/logoanhida.jpg","width":259,"height":132,"caption":"ANHIDACORU\u00d1A"},"image":{"@id":"http:\/\/anhidacoruna.com\/web\/#\/schema\/logo\/image\/"},"sameAs":["https:\/\/www.facebook.com\/anhidacoruna","https:\/\/x.com\/anhidacoruna"]}]}},"_links":{"self":[{"href":"http:\/\/anhidacoruna.com\/web\/wp-json\/wp\/v2\/pages\/50","targetHints":{"allow":["GET"]}}],"collection":[{"href":"http:\/\/anhidacoruna.com\/web\/wp-json\/wp\/v2\/pages"}],"about":[{"href":"http:\/\/anhidacoruna.com\/web\/wp-json\/wp\/v2\/types\/page"}],"author":[{"embeddable":true,"href":"http:\/\/anhidacoruna.com\/web\/wp-json\/wp\/v2\/users\/2"}],"replies":[{"embeddable":true,"href":"http:\/\/anhidacoruna.com\/web\/wp-json\/wp\/v2\/comments?post=50"}],"version-history":[{"count":9,"href":"http:\/\/anhidacoruna.com\/web\/wp-json\/wp\/v2\/pages\/50\/revisions"}],"predecessor-version":[{"id":429,"href":"http:\/\/anhidacoruna.com\/web\/wp-json\/wp\/v2\/pages\/50\/revisions\/429"}],"wp:attachment":[{"href":"http:\/\/anhidacoruna.com\/web\/wp-json\/wp\/v2\/media?parent=50"}],"curies":[{"name":"wp","href":"https:\/\/api.w.org\/{rel}","templated":true}]}}